z(10)?
8
Let y(u) = -u**3 - 27*u**2 + 21*u - 49. Determine y(-28).
147
Let j(q) = -28*q - 2654. Give j(-96).
34
Let l(u) = 293*u - 113. Give l(1).
180
Let v(t) = -t**3 - 3*t**2 + 145*t + 196. Calculate v(-13).
1
Let y(g) = 290*g - 90474. Determine y(312).
6
Let t(o) = o**3 + 161*o**2 + 2*o + 323. Determine t(-161).
1
Let v(l) = 7*l**2 - 34*l - 252. Give v(-4).
-4
Let v(x) = x**3 + 7*x**2 - 2*x - 7. Calculate v(-4).
49
Let j(w) = -w**2 - 1592*w + 27351. Determine j(17).
-2
Let b(g) = -3*g**3 - 36*g**2 + 39*g + 32. Determine b(-13).
32
Let v(m) = 574*m + 1140. What is v(-2)?
-8
Let s(k) = -108*k**2 + 2255*k + 265. What is s(21)?
-8
Let g(o) = -21*o + 314. Calculate g(15).
-1
Let s(q) = -q**3 + 80*q**2 - 976*q + 66. What is s(65)?
1
Let u(r) = 8*r**2 - 119*r + 280. What is u(12)?
4
Let h(j) = 2*j**2 + 447*j + 4878. Give h(-212).
2
Let r(y) = 3*y**2 - 102*y - 721. Determine r(-6).
-1
Let q(d) = 14*d**3 + 2*d**2 - 999*d + 997. Give q(1).
14
Let s(f) = -f**3 + 14*f**2 - 20*f + 145. What is s(12)?
193
Let k(o) = 1047*o + 63847. What is k(-61)?
-20
Let l(n) = 2*n**2 - 36*n - 290. What is l(24)?
-2
Let x(o) = -44*o - 173. Calculate x(-4).
3
Let a(u) = -3*u**2 - 32*u - 105. What is a(-9)?
-60
Let n(d) = -3*d**2 - 55*d + 28. Give n(-18).
46
Let p(q) = 35*q**2 + 28*q - 23. Determine p(2).
173
Let m(z) = 117*z - 1050. What is m(9)?
3
Let b(s) = -41*s**2 + 207*s - 2. Calculate b(5).
8
Let o(n) = -n**3 + 58*n**2 - 102*n - 545. Determine o(56).
15
Let c(r) = -21*r + 246. What is c(27)?
-321
Let h(b) = 524*b**2 - 1571*b + 2. Give h(3).
5
Let m(o) = -o**2 - 11*o + 57. What is m(-15)?
-3
Let v(b) = -b**3 - 4*b**2 + 35*b + 123. Calculate v(-4).
-17
Let u(f) = -61*f - 277. Determine u(-5).
28
Let d(a) = -3*a**2 - 13*a - 5. What is d(-12)?
-281
Let j(d) = -d**3 + d**2 + 48*d - 16. Calculate j(0).
-16
Let d(z) = -10*z**2 + 171*z + 14. Give d(17).
31
Let w(o) = o**3 + 5*o**2 - 3*o + 79. What is w(-7)?
2
Let t(q) = q - 88. Give t(25).
-63
Let w(a) = 2*a**2 + 7*a - 49. What is w(-10)?
81
Let k(y) = -y**3 + 18*y**2 + 246*y - 4431. Give k(16).
17
Let m(b) = 56*b + 823. Calculate m(-15).
-17
Let t(l) = -3*l**2 + 32*l - 74. Calculate t(4).
6
Let s(t) = -5*t**2 - 57*t - 520. Give s(-8).
-384
Let z(t) = 3*t**3 - 18*t**2 - 32*t + 87. Give z(7).
10
Let m(f) = 10*f - 29. Calculate m(-10).
-129
Let h(r) = -r + 36. What is h(35)?
1
Let u(l) = -l - 18. Determine u(6).
-24
Let i(b) = b**3 + 80*b**2 - 74*b + 386. Give i(-81).
-181
Let j(t) = -t**2 - 55*t - 702. Calculate j(-37).
-36
Let c(h) = -5*h**2 - 46*h + 9. Give c(-9).
18
Let q(b) = 17*b**3 + 133*b**2 - 20*b + 23. Give q(-8).
-9
Let k(h) = -4*h**2 + 240*h - 8. Determine k(60).
-8
Let g(j) = -19*j**2 - 11*j + 15. Determine g(2).
-83
Let q(f) = 2*f**3 + 36*f**2 + 158*f - 20. Calculate q(-8).
-4
Let r(j) = 479*j + 153764. What is r(-321)?
5
Let g(i) = i**3 - 12*i**2 + 12*i + 89. What is g(10)?
9
Let q(b) = -7*b**2 - 81*b - 616. Determine q(-9).
-454
Let v(k) = -47*k**2 + 44*k + 8. Calculate v(1).
5
Let t(p) = p**3 + 29*p**2 - 31*p - 27. Give t(-30).
3
Let q(a) = -2748*a + 30230. Determine q(11).
2
Let c(a) = -2*a**3 - 28*a**2 - 30*a - 47. Calculate c(-13).
5
Let a(p) = p**3 + 47*p**2 + 84*p - 267. Calculate a(-45).
3
Let u(d) = -1369*d - 3935. What is u(-3)?
172
Let a(p) = -2*p**2 - 101*p - 422. Calculate a(-46).
-8
Let c(a) = 38*a - 193. Give c(5).
-3
Let o(y) = 8*y**2 - 172*y - 77. Calculate o(22).
11
Let j(g) = g**3 - 12*g**2 + 40*g - 34. Determine j(5).
-9
Let s(d) = -d**3 + 38*d**2 + 3*d - 46. Calculate s(38).
68
Let f(x) = 2*x**3 + 120*x**2 + 131*x + 776. What is f(-59)?
9
Let z(f) = 62*f + 3224. Determine z(-46).
372
Let v(d) = -3*d**3 - 3*d**2 - 9*d + 7. Give v(-3).
88
Let y(w) = 3*w**2 - 332*w - 1362. Give y(-4).
14
Let b(s) = -s**3 - 29*s**2 - 119*s - 1035. Give b(-26).
31
Let i(n) = 4*n**3 + 21*n**2 + n + 13. What is i(-4)?
89
Let s(j) = -17*j + 212. Calculate s(16).
-60
Let y(u) = u**3 + 6*u**2 - 10*u - 37. Calculate y(-6).
23
Let g(m) = -3*m**3 - 73*m**2 + 43*m - 162. Give g(-25).
13
Let p(a) = a**3 + 17*a**2 + 71*a - 19. What is p(-12)?
-151
Let z(b) = -b**3 + 117*b**2 + 1690*b - 17. Give z(130).
-17
Let l(t) = 2*t**3 - 78*t**2 + 85*t - 213. What is l(38)?
129
Let c(j) = 43*j + 39. Determine c(-3).
-90
Let m(k) = 2*k**3 - 88*k**2 - 64*k - 1181. Give m(45).
-11
Let h(d) = d**2 - 14*d - 67. Give h(-4).
5
Let c(k) = -k**3 + 58*k**2 - 112*k + 4. Calculate c(56).
4
Let g(r) = 79*r + 2286. What is g(-28)?
74
Let w(u) = 3*u**2 + 214*u - 828. Determine w(-75).
-3
Let k(p) = -p**3 + 19*p**2 - 38*p - 15. What is k(16)?
145
Let p(b) = 16*b - 471. Give p(13).
-263
Let n(p) = 73*p + 9. Calculate n(-5).
-356
Let d(f) = 5*f**3 + 72*f**2 - 45*f - 24. Give d(-15).
-24
Let t(g) = -4*g**2 + 67*g + 93. Determine t(18).
3
Let x(s) = 83*s + 994. Calculate x(-12).
-2
Let f(r) = -809*r**2 + 96*r + 97. Give f(-1).
-808
Let b(m) = 63*m**3 + 2*m**2 + 2*m. Determine b(-1).
-63
Let u(b) = 2*b**3 - 6*b**2 - 7*b - 7. What is u(6)?
167
Let d(a) = -a**2 - 317*a + 3267. What is d(10)?
-3
Let p(k) = 74*k - 692. Calculate p(11).
122
Let o(g) = 119*g - 3322. Determine o(28).
10
Let k(b) = b**3 - 115*b**2 - 235*b + 133. Give k(117).
16
Let n(j) = j**2 - 3126*j - 9394. Give n(-3).
-7
Let l(f) = 2*f**2 - 65*f + 361. Give l(7).
4
Let j(o) = 31*o - 15. Calculate j(7).
202
Let j(x) = 7*x + 85. Determine j(22).
239
Let o(t) = -204*t + 1253. Determine o(6).
29
Let u(m) = 12*m**2 - 2*m - 24. What is u(0)?
-24
Let s(x) = x**3 - 23*x**2 + 264*x - 3575. Calculate s(19).
-3
Let i(s) = 11*s**3 - s**2 + 24*s - 101. Determine i(3).
259
Let i(b) = -96*b + 732. Determine i(10).
-228
Let t(v) = -356*v - 96840. Determine t(-272).
-8
Let s(y) = y**3 - 65*y**2 + y + 60. What is s(65)?
125
Let t(v) = -1382*v + 118849. Calculate t(86).
-3
Let n(g) = g**3 + 4*g**2 + 19*g + 31. Give n(-2).
1
Let w(d) = -441*d + 1765. What is w(4)?
1
Let x(i) = 17*i**3 - 5*i**2 + 2*i - 2. Calculate x(2).
118
Let j(d) = 2*d**3 - 50*d**2 - 53*d + 33. Determine j(26).
7
Let q(w) = -w**3 - 33*w**2 + 33*w - 10. Calculate q(-34).
24
Let s(o) = -9*o**2 - 82*o - 136. What is s(-6)?
32
Let t(v) = 4*v**2 - 127*v - 103. Determine t(31).
-196
Let c(n) = 5*n**3 - 89*n**2 - 32*n + 206. Determine c(18).
-46
Let k(s) = -s**3 - 6*s**2 - 46*s - 307. What is k(-6)?
-31
Let s(u) = -15*u + 1467. Give s(98).
-3
Let q(o) = -12*o**2 - 49*o - 371. Calculate q(-7).
-616
Let x(z) = z**3 + 60*z**2 + 214*z - 526. Calculate x(-56).
34
Let n(y) = 9*y - 59. Give n(0).
-59
Let u(z) = -12*z**3 + 134*z**2 - 13*z - 89. Calculate u(11).
10
Let g(n) = n**2 - 15*n - 94. What is g(-5)?
6
Let n(s) = -s**2 + 28*s - 20. Calculate n(20).
140
Let n(x) = x**3 - 93*x**2 + 359*x - 213. Calculate n(89).
54
Let h(p) = 22*p + 678. Give h(-31).
-4
Let a(i) = -39*i**2 - 92*i - 9. Determine a(-2).
19
Let c(z) = 2*z**2 - 263*z + 4086. Determine c(18).
0
Let s(u) = -2206*u + 13231. Determine s(6).
-5
Let c(d) = d**2 - 63*d + 802. Calculate c(18).
-8
Let d(p) = -6*p**2 - 151*p - 11. Calculate d(-24).
157
Let z(g) = 8*g**3 + 49*g**2 + 16*g + 10. Calculate z(-6).
-50
Let a(j) = 8*j**3 + 2*j**2 - 74*j - 144. Determine a(-2).
-52
Let q(r) = 2*r**2 + 15*r - 160. What is q(0)?
-160
Let z(c) = -3*c**2 - 84*c + 272. Calculate z(3).
-7
Let r(j) = 8*j**2 + 1038*j - 275. Calculate r(-130).
-15
Let z(c) = -c**3 + 20*c**2 + 23*c + 227. What is z(22)?
-235
Let f(t) = 21*t - 8. Calculate f(-2).
-50
Let z(m) = 6*m**2 - 1089*m - 1. What is z(0)?
-1
Let b(u) = -64*u + 520. Calculate b(11).
-184
Let b(s) = -58*s - 6947. What is b(-120)?
13
Let y(r) = -83*r + 708. What is y(10)?
-122
Let t(j) = -78*j - 1793. Determine t(-23).
1
Let o(q) = -19*q - 21. What is o(3)?
-78
Let o(g) = -g**2 - 15*g + 45. Determine o(-15).
45
Let a(l) = l**3 + 53*l**2 - l - 25. Determine a(-53).
28
Let u(b) = 2*b**3 - 159*b**2 + 238*b - 386. Give u(78).
-74
Let v(q) = q**3 + 137*q**2 - 415*q + 716. Determine v(-140).
16
Let v(p) = -10*p + 449. Determine v(11).
339
Let c(d) = 2*d**2 - 30*d - 1724. Give c(39).
148
Let k(o) = o**3 + 11*o**2 - 164*o + 320. What is k(-20)?
0
Let h(p) = -4299*p + 12968. Determine h(3).
71
Let y(x) = -x**2 + 21*x - 152. What is y(13)?
-48
Let v(q) = 2*q**2 + 45*q + 17. Determine v(-27).
260
Let y(q) = -1300*q + 2. Calculate y(0).
2
Let f(c) = 71*c - 225. Give f(11